is 7c (base 15) in base 8?
165
-835 (base 12) to base 10
-1193
Convert 1111120010 (base 3) to base 4.
13032000
What is 21c7 (base 13) in base 10?
4726
Convert 10a17 (base 11) to base 16.
3dfd
Convert 2230 (base 6) to base 8.
1012
What is -1b33 (base 13) in base 2?
-1000000000010
What is 657 (base 10) in base 12?
469
-2203111 (base 4) to base 3
-112100011
5558 (base 11) to base 8
16233
What is -41145 (base 6) in base 15?
-1945
-19926 (base 11) to base 9
-42038
Convert 12034 (base 5) to base 11.
743
Convert -11111010101 (base 2) to base 5.
-31010
What is -12022 (base 4) in base 9?
-477
-144 (base 11) to base 12
-121
What is 717 (base 13) in base 6?
5323
Convert -110000000011 (base 2) to base 13.
-1527
-1049 (base 14) to base 4
-223321
Convert 2060 (base 8) to base 7.
3061
Convert -14635 (base 9) to base 12.
-594b
What is 1011001111 (base 2) in base 3?
222122
-ff (base 16) to base 5
-2010
Convert -817 (base 15) to base 12.
-107a
Convert 1b5b (base 14) to base 7.
20344
What is -10122312 (base 4) in base 2?
-100011010110110
Convert 2433 (base 7) to base 14.
48a
5174 (base 15) to base 16
4339
123112 (base 5) to base 6
34050
-1b1 (base 16) to base 12
-301
Convert 22484 (base 10) to base 13.
a307
Convert -104 (base 14) to base 15.
-d5
-119a (base 11) to base 12
-aa1
-1b8 (base 13) to base 2
-101000000
What is -31241 (base 6) in base 12?
-2521
Convert e3 (base 16) to base 13.
146
-201 (base 5) to base 11
-47
What is -12000122 (base 3) in base 13?
-1889
Convert 458 (base 9) to base 13.
230
1100000000101011 (base 2) to base 12
24577
Convert -3555 (base 15) to base 9.
-16478
Convert -a73c (base 13) to base 9.
-34742
What is -25b4 (base 14) in base 4?
-1213202
What is 378 (base 14) in base 13?
415
What is 498 (base 15) in base 2?
10000010011
-111001010101111 (base 2) to base 14
-a9b1
Convert 3407 (base 11) to base 12.
2718
What is -310132 (base 5) in base 7?
-41164
What is 2465 (base 8) in base 3?
1211101
-1021002 (base 3) to base 6
-4132
Convert -21110010 (base 3) to base 10.
-5430
Convert -5205 (base 10) to base 2.
-1010001010101
-11022020 (base 3) to base 5
-100023
-1a678 (base 12) to base 13
-1497b
-10101202 (base 3) to base 11
-1952
What is 7 (base 15) in base 16?
7
-5423 (base 8) to base 11
-2148
Convert 35262 (base 7) to base 5.
242220
Convert -10011110111101 (base 2) to base 10.
-10173
What is -144 (base 8) in base 6?
-244
What is 11000 (base 5) in base 16?
2ee
What is -95a3 (base 11) in base 13?
-5a19
What is -35 (base 16) in base 7?
-104
What is -18d (base 14) in base 7?
-636
What is 52570 (base 8) in base 13?
9c61
2013210 (base 4) to base 3
102220100
-5076 (base 9) to base 14
-14d4
What is 5bb (base 14) in base 12?
7b5
What is -1332 (base 5) in base 7?
-430
Convert 503 (base 9) to base 10.
408
Convert 105165 (base 7) to base 11.
12a96
452 (base 16) to base 3
1111222
Convert 110110100011 (base 2) to base 3.
11210022
-34051 (base 7) to base 4
-2012203
What is 14143 (base 5) in base 7?
3264
What is -704 (base 9) in base 11?
-47a
Convert 111112 (base 4) to base 13.
811
What is 37806 (base 9) in base 3?
1021220020
What is -552 (base 6) in base 11?
-183
-5712 (base 9) to base 12
-253b
Convert -1223030 (base 5) to base 11.
-16738
Convert -222531 (base 6) to base 8.
-44527
What is -25152 (base 9) in base 4?
-10013333
What is -1310 (base 11) in base 15?
-78a
14223 (base 5) to base 9
1560
8dd (base 14) to base 3
2102022
12220 (base 4) to base 3
120201
Convert -3a2 (base 12) to base 4.
-20222
What is -13263 (base 9) in base 8?
-21407
-101000101111 (base 2) to base 3
-10120120
-14043 (base 12) to base 3
-1101222220
-11311 (base 4) to base 11
-30a
-e4 (base 15) to base 11
-185
What is -36538 (base 9) in base 13?
-b1c5
Convert -154 (base 10) to base 8.
-232
Convert -10131013 (base 4) to base 16.
-4747
10034302 (base 5) to base 10
80577
What is -1110001 (base 2) in base 11?
-a3
-594 (base 14) to base 11
-91a
Convert -1110001 (base 4) to base 3.
-21101011
What is 9a (base 11) in base 7?
214
What is 666 (base 8) in base 6?
2010
100001 (base 4) to base 14
533
What is 154 (base 13) in base 8?
356
Convert 22320302 (base 4) to base 6.
542242
Convert 413 (base 15) to base 3.
1021000
-102002112 (base 3) to base 8
-17627
2567 (base 12) to base 13
1c24
Convert -628 (base 12) to base 5.
-12041
What is 5426 (base 8) in base 5?
42323
Convert c37 (base 16) to base 14.
11d5
Convert -68599 (base 10) to base 7.
-403666
1111101000 (base 2) to base 7
2626
What is 10014 (base 5) in base 6?
2534
What is 110101101 (base 2) in base 12?
2b9
Convert 5617 (base 12) to base 8.
22463
What is -1020100 (base 3) in base 7?
-2424
Convert 79a9 (base 12) to base 16.
34d1
Convert 16460 (base 7) to base 16.
1259
What is -1113 (base 7) in base 11?
-336
277b3 (base 12) to base 13
1bb97
Convert -3871 (base 16) to base 2.
-11100001110001
-1304 (base 11) to base 3
-2022220
What is -10112122 (base 3) in base 15?
-b72
What is 2ac15 (base 13) in base 7?
455361
Convert -2265 (base 7) to base 15.
-3a6
Convert 2221 (base 6) to base 3.
201011
What is -3222120 (base 4) in base 14?
-5676
Convert 1041214 (base 5) to base 3.
221010010
-3b1 (base 13) to base 16
-28b
Convert 100200 (base 3) to base 4.
10011
What is 11210222 (base 3) in base 8?
6665
-23474 (base 8) to base 3
-111210000
What is -1350 (base 10) in base 15?
-600
What is 220 (base 4) in base 5?
130
Convert -577 (base 10) to base 2.
-1001000001
What is 30101 (base 6) in base 2?
111101010101
-6053 (base 8) to base 6
-22231
What is 596 (base 10) in base 13?
36b
-220 (base 8) to base 11
-121
7471 (base 9) to base 11
4142
Convert 6e (base 16) to base 11.
a0
What is 10201110001 (base 3) in base 10?
73225
10011100110 (base 2) to base 6
5450
What is 8257 (base 12) in base 2?
11011101100011
What is -640 (base 9) in base 15?
-24c
Convert -3b0b (base 12) to base 2.
-1101001111011
What is 11645 (base 7) in base 12?
193b
Convert 13334 (base 5) to base 8.
2106
Convert 114350 (base 9) to base 4.
100303032
-1040142 (base 5) to base 8
-43374
2a0 (base 11) to base 3
111001
1034 (base 7) to base 4
11300
723 (base 8) to base 3
122022
1340 (base 9) to base 7
2640
What is -246 (base 10) in base 4?
-3312
Convert 111001000000 (base 2) to base 6.
24520
-10001101100100 (base 2) to base 10
-9060
-86b (base 12) to base 3
-1200202
Convert 1b89 (base 12) to base 14.
1361
What is -103221 (base 7) in base 15?
-54b9
-baaa (base 16) to base 7
-256214
-343123 (base 5) to base 7
-50553
Convert -16786 (base 10) to base 3.
-212000201
What is 3542 (base 8) in base 15?
860
What is 37851 (base 10) in base 7?
215232
Convert -19b7 (base 13) to base 15.
-122d
What is -110101101000 (base 2) in base 13?
-1740
74224 (base 8) to base 13
11086
What is 4a6a (base 15) in base 14?
5ac2
Convert -1941 (base 12) to base 11.
-2344
What is -8a3 (base 16) in base 2?
-100010100011
Convert 16d0c (base 14) to base 12.
292a8
-12101 (base 7) to base 8
-6101
-1101100101 (base 2) to base 14
-461
-11 (base 14) to base 12
-13
434400 (base 5) to base 8
35177
Convert -1db (base 15) to base 6.
-1555
What is 154264 (base 7) in base 8?
73170
Convert -174b6 (base 13) to base 14.
-12457
339 (base 15) to base 2
1011011001
Convert e0 (base 15) to base 14.
110
Convert -7789 (base 14) to base 2.
-101000011011101
What is a16 (base 13) in base 15?
78e
Convert 9925 (base 11) to base 16.
3327
What is -6449 (base 13) in base 3?
-201002112
What is 1313110 (base 4) in base 9?
11424
What is -13232 (base 9) in base 14?
-3387
-472 (base 12) to base 9
-815
What is -150 (base 7) in base 15?
-59
-2125 (base 12) to base 4
-320231
-156 (base 14) to base 15
-132
Convert 119d3 (base 15) to base 7.
322626
Convert -ab28 (base 12) to base 4.
-10213100
What is -2242 (base 5) in base 2?
-101000010
Convert 4041 (base 8) to base 16.
821
-1322040 (base 5) to base 2
-110011110011000
-423041 (base 7) to base 9
-121228
What is 101000111101 (base 2) in base 15?
b9b
Convert -20a6 (base 12) to base 10.
-3582
What is 110100100 (base 2) in base 12?
2b0
What is -22131003 (base 4) in base 12?
-20943
Convert 30144 (base 5) to base 15.
884
Convert -1037 (base 8) to base 5.
-4133
Convert 11030 (base 4) to base 10.
332
1011132 (base 4) to base 9
6080
61116 (base 7) to base 9
22276
-443442 (base 5) to base 4
-3302021
What is -1699 (base 10) in base 14?
-895
-4ac